{"id":2,"date":"2025-11-10T17:55:30","date_gmt":"2025-11-10T17:55:30","guid":{"rendered":"https:\/\/bienbi.com.tr\/?page_id=2"},"modified":"2025-11-15T21:46:20","modified_gmt":"2025-11-15T21:46:20","slug":"sample-page","status":"publish","type":"page","link":"https:\/\/bienbi.com.tr\/","title":{"rendered":"ANASAYFA"},"content":{"rendered":"\n<figure class=\"wp-block-gallery has-nested-images columns-default is-cropped wp-block-gallery-1 is-layout-flex wp-block-gallery-is-layout-flex\">\n<figure class=\"wp-block-image size-large\"><img fetchpriority=\"high\" decoding=\"async\" width=\"1024\" height=\"724\" data-id=\"59\" src=\"https:\/\/bienbi.com.tr\/wp-content\/uploads\/2025\/11\/fsmv-sertifika-sorgulama-1024x724.jpg\" alt=\"\" class=\"wp-image-59\" srcset=\"https:\/\/bienbi.com.tr\/wp-content\/uploads\/2025\/11\/fsmv-sertifika-sorgulama-1024x724.jpg 1024w, https:\/\/bienbi.com.tr\/wp-content\/uploads\/2025\/11\/fsmv-sertifika-sorgulama-300x212.jpg 300w, https:\/\/bienbi.com.tr\/wp-content\/uploads\/2025\/11\/fsmv-sertifika-sorgulama-768x543.jpg 768w, https:\/\/bienbi.com.tr\/wp-content\/uploads\/2025\/11\/fsmv-sertifika-sorgulama.jpg 1123w\" sizes=\"(max-width: 1024px) 100vw, 1024px\" \/><\/figure>\n\n\n\n<figure class=\"wp-block-image size-large\"><img decoding=\"async\" width=\"1024\" height=\"724\" data-id=\"61\" src=\"https:\/\/bienbi.com.tr\/wp-content\/uploads\/2025\/11\/istanbul-ticaret-universitesi-sertifika-sorgulama-1-1024x724.jpg\" alt=\"\" class=\"wp-image-61\" srcset=\"https:\/\/bienbi.com.tr\/wp-content\/uploads\/2025\/11\/istanbul-ticaret-universitesi-sertifika-sorgulama-1-1024x724.jpg 1024w, https:\/\/bienbi.com.tr\/wp-content\/uploads\/2025\/11\/istanbul-ticaret-universitesi-sertifika-sorgulama-1-300x212.jpg 300w, https:\/\/bienbi.com.tr\/wp-content\/uploads\/2025\/11\/istanbul-ticaret-universitesi-sertifika-sorgulama-1-768x543.jpg 768w, https:\/\/bienbi.com.tr\/wp-content\/uploads\/2025\/11\/istanbul-ticaret-universitesi-sertifika-sorgulama-1-1536x1086.jpg 1536w, https:\/\/bienbi.com.tr\/wp-content\/uploads\/2025\/11\/istanbul-ticaret-universitesi-sertifika-sorgulama-1-2048x1448.jpg 2048w, https:\/\/bienbi.com.tr\/wp-content\/uploads\/2025\/11\/istanbul-ticaret-universitesi-sertifika-sorgulama-1-1527x1080.jpg 1527w\" sizes=\"(max-width: 1024px) 100vw, 1024px\" \/><\/figure>\n\n\n\n<figure class=\"wp-block-image size-large\"><img decoding=\"async\" width=\"1024\" height=\"724\" data-id=\"62\" src=\"https:\/\/bienbi.com.tr\/wp-content\/uploads\/2025\/11\/istanbul-ticaret-universitesi-sertifika-sorgulama-2-1024x724.jpg\" alt=\"\" class=\"wp-image-62\" srcset=\"https:\/\/bienbi.com.tr\/wp-content\/uploads\/2025\/11\/istanbul-ticaret-universitesi-sertifika-sorgulama-2-1024x724.jpg 1024w, https:\/\/bienbi.com.tr\/wp-content\/uploads\/2025\/11\/istanbul-ticaret-universitesi-sertifika-sorgulama-2-300x212.jpg 300w, https:\/\/bienbi.com.tr\/wp-content\/uploads\/2025\/11\/istanbul-ticaret-universitesi-sertifika-sorgulama-2-768x543.jpg 768w, https:\/\/bienbi.com.tr\/wp-content\/uploads\/2025\/11\/istanbul-ticaret-universitesi-sertifika-sorgulama-2-1536x1086.jpg 1536w, https:\/\/bienbi.com.tr\/wp-content\/uploads\/2025\/11\/istanbul-ticaret-universitesi-sertifika-sorgulama-2-2048x1448.jpg 2048w, https:\/\/bienbi.com.tr\/wp-content\/uploads\/2025\/11\/istanbul-ticaret-universitesi-sertifika-sorgulama-2-1527x1080.jpg 1527w\" sizes=\"(max-width: 1024px) 100vw, 1024px\" \/><\/figure>\n\n\n\n<figure class=\"wp-block-image size-large\"><img loading=\"lazy\" decoding=\"async\" width=\"1024\" height=\"724\" data-id=\"60\" src=\"https:\/\/bienbi.com.tr\/wp-content\/uploads\/2025\/11\/istanbul-ticaret-universitesi-sertifika-sorgulama-1024x724.jpg\" alt=\"\" class=\"wp-image-60\" srcset=\"https:\/\/bienbi.com.tr\/wp-content\/uploads\/2025\/11\/istanbul-ticaret-universitesi-sertifika-sorgulama-1024x724.jpg 1024w, https:\/\/bienbi.com.tr\/wp-content\/uploads\/2025\/11\/istanbul-ticaret-universitesi-sertifika-sorgulama-300x212.jpg 300w, https:\/\/bienbi.com.tr\/wp-content\/uploads\/2025\/11\/istanbul-ticaret-universitesi-sertifika-sorgulama-768x543.jpg 768w, https:\/\/bienbi.com.tr\/wp-content\/uploads\/2025\/11\/istanbul-ticaret-universitesi-sertifika-sorgulama-1536x1086.jpg 1536w, https:\/\/bienbi.com.tr\/wp-content\/uploads\/2025\/11\/istanbul-ticaret-universitesi-sertifika-sorgulama-2048x1448.jpg 2048w, https:\/\/bienbi.com.tr\/wp-content\/uploads\/2025\/11\/istanbul-ticaret-universitesi-sertifika-sorgulama-1527x1080.jpg 1527w\" sizes=\"(max-width: 1024px) 100vw, 1024px\" \/><\/figure>\n<\/figure>\n","protected":false},"excerpt":{"rendered":"","protected":false},"author":1,"featured_media":0,"parent":0,"menu_order":0,"comment_status":"closed","ping_status":"open","template":"","meta":{"footnotes":""},"class_list":["post-2","page","type-page","status-publish","hentry"],"yoast_head":"<!-- This site is optimized with the Yoast SEO plugin v27.2 - https:\/\/yoast.com\/product\/yoast-seo-wordpress\/ -->\n<title>ANASAYFA - Bienbi Dan\u0131\u015fmanl\u0131k<\/title>\n<meta name=\"robots\" content=\"index, follow, max-snippet:-1, max-image-preview:large, max-video-preview:-1\" \/>\n<link rel=\"canonical\" href=\"https:\/\/bienbi.com.tr\/\" \/>\n<meta property=\"og:locale\" content=\"tr_TR\" \/>\n<meta property=\"og:type\" content=\"article\" \/>\n<meta property=\"og:title\" content=\"ANASAYFA - Bienbi Dan\u0131\u015fmanl\u0131k\" \/>\n<meta property=\"og:url\" content=\"https:\/\/bienbi.com.tr\/\" \/>\n<meta property=\"og:site_name\" content=\"Bienbi Dan\u0131\u015fmanl\u0131k\" \/>\n<meta property=\"article:modified_time\" content=\"2025-11-15T21:46:20+00:00\" \/>\n<meta property=\"og:image\" content=\"https:\/\/bienbi.com.tr\/wp-content\/uploads\/2025\/11\/fsmv-sertifika-sorgulama.jpg\" \/>\n\t<meta property=\"og:image:width\" content=\"1123\" \/>\n\t<meta property=\"og:image:height\" content=\"794\" \/>\n\t<meta property=\"og:image:type\" content=\"image\/jpeg\" \/>\n<meta name=\"twitter:card\" content=\"summary_large_image\" \/>\n<meta name=\"twitter:label1\" content=\"Tahmini okuma s\u00fcresi\" \/>\n\t<meta name=\"twitter:data1\" content=\"1 dakika\" \/>\n<script type=\"application\/ld+json\" class=\"yoast-schema-graph\">{\"@context\":\"https:\/\/schema.org\",\"@graph\":[{\"@type\":\"WebPage\",\"@id\":\"https:\/\/bienbi.com.tr\/\",\"url\":\"https:\/\/bienbi.com.tr\/\",\"name\":\"ANASAYFA - Bienbi Dan\u0131\u015fmanl\u0131k\",\"isPartOf\":{\"@id\":\"https:\/\/bienbi.com.tr\/#website\"},\"primaryImageOfPage\":{\"@id\":\"https:\/\/bienbi.com.tr\/#primaryimage\"},\"image\":{\"@id\":\"https:\/\/bienbi.com.tr\/#primaryimage\"},\"thumbnailUrl\":\"https:\/\/bienbi.com.tr\/wp-content\/uploads\/2025\/11\/fsmv-sertifika-sorgulama-1024x724.jpg\",\"datePublished\":\"2025-11-10T17:55:30+00:00\",\"dateModified\":\"2025-11-15T21:46:20+00:00\",\"breadcrumb\":{\"@id\":\"https:\/\/bienbi.com.tr\/#breadcrumb\"},\"inLanguage\":\"tr\",\"potentialAction\":[{\"@type\":\"ReadAction\",\"target\":[\"https:\/\/bienbi.com.tr\/\"]}]},{\"@type\":\"ImageObject\",\"inLanguage\":\"tr\",\"@id\":\"https:\/\/bienbi.com.tr\/#primaryimage\",\"url\":\"https:\/\/bienbi.com.tr\/wp-content\/uploads\/2025\/11\/fsmv-sertifika-sorgulama.jpg\",\"contentUrl\":\"https:\/\/bienbi.com.tr\/wp-content\/uploads\/2025\/11\/fsmv-sertifika-sorgulama.jpg\",\"width\":1123,\"height\":794},{\"@type\":\"BreadcrumbList\",\"@id\":\"https:\/\/bienbi.com.tr\/#breadcrumb\",\"itemListElement\":[{\"@type\":\"ListItem\",\"position\":1,\"name\":\"Anasayfa\",\"item\":\"https:\/\/bienbi.com.tr\/\"},{\"@type\":\"ListItem\",\"position\":2,\"name\":\"ANASAYFA\"}]},{\"@type\":\"WebSite\",\"@id\":\"https:\/\/bienbi.com.tr\/#website\",\"url\":\"https:\/\/bienbi.com.tr\/\",\"name\":\"Bienbi Dan\u0131\u015fmanl\u0131k\",\"description\":\"S\u0131f\u0131r At\u0131k Ve At\u0131k Y\u00f6netimi\",\"publisher\":{\"@id\":\"https:\/\/bienbi.com.tr\/#organization\"},\"potentialAction\":[{\"@type\":\"SearchAction\",\"target\":{\"@type\":\"EntryPoint\",\"urlTemplate\":\"https:\/\/bienbi.com.tr\/?s={search_term_string}\"},\"query-input\":{\"@type\":\"PropertyValueSpecification\",\"valueRequired\":true,\"valueName\":\"search_term_string\"}}],\"inLanguage\":\"tr\"},{\"@type\":\"Organization\",\"@id\":\"https:\/\/bienbi.com.tr\/#organization\",\"name\":\"Bienbi Dan\u0131\u015fmanl\u0131k\",\"url\":\"https:\/\/bienbi.com.tr\/\",\"logo\":{\"@type\":\"ImageObject\",\"inLanguage\":\"tr\",\"@id\":\"https:\/\/bienbi.com.tr\/#\/schema\/logo\/image\/\",\"url\":\"https:\/\/bienbi.com.tr\/wp-content\/uploads\/2025\/11\/cropped-bienbi-scaled-1.png\",\"contentUrl\":\"https:\/\/bienbi.com.tr\/wp-content\/uploads\/2025\/11\/cropped-bienbi-scaled-1.png\",\"width\":2560,\"height\":828,\"caption\":\"Bienbi Dan\u0131\u015fmanl\u0131k\"},\"image\":{\"@id\":\"https:\/\/bienbi.com.tr\/#\/schema\/logo\/image\/\"}}]}<\/script>\n<!-- \/ Yoast SEO plugin. -->","yoast_head_json":{"title":"ANASAYFA - Bienbi Dan\u0131\u015fmanl\u0131k","robots":{"index":"index","follow":"follow","max-snippet":"max-snippet:-1","max-image-preview":"max-image-preview:large","max-video-preview":"max-video-preview:-1"},"canonical":"https:\/\/bienbi.com.tr\/","og_locale":"tr_TR","og_type":"article","og_title":"ANASAYFA - Bienbi Dan\u0131\u015fmanl\u0131k","og_url":"https:\/\/bienbi.com.tr\/","og_site_name":"Bienbi Dan\u0131\u015fmanl\u0131k","article_modified_time":"2025-11-15T21:46:20+00:00","og_image":[{"width":1123,"height":794,"url":"https:\/\/bienbi.com.tr\/wp-content\/uploads\/2025\/11\/fsmv-sertifika-sorgulama.jpg","type":"image\/jpeg"}],"twitter_card":"summary_large_image","twitter_misc":{"Tahmini okuma s\u00fcresi":"1 dakika"},"schema":{"@context":"https:\/\/schema.org","@graph":[{"@type":"WebPage","@id":"https:\/\/bienbi.com.tr\/","url":"https:\/\/bienbi.com.tr\/","name":"ANASAYFA - Bienbi Dan\u0131\u015fmanl\u0131k","isPartOf":{"@id":"https:\/\/bienbi.com.tr\/#website"},"primaryImageOfPage":{"@id":"https:\/\/bienbi.com.tr\/#primaryimage"},"image":{"@id":"https:\/\/bienbi.com.tr\/#primaryimage"},"thumbnailUrl":"https:\/\/bienbi.com.tr\/wp-content\/uploads\/2025\/11\/fsmv-sertifika-sorgulama-1024x724.jpg","datePublished":"2025-11-10T17:55:30+00:00","dateModified":"2025-11-15T21:46:20+00:00","breadcrumb":{"@id":"https:\/\/bienbi.com.tr\/#breadcrumb"},"inLanguage":"tr","potentialAction":[{"@type":"ReadAction","target":["https:\/\/bienbi.com.tr\/"]}]},{"@type":"ImageObject","inLanguage":"tr","@id":"https:\/\/bienbi.com.tr\/#primaryimage","url":"https:\/\/bienbi.com.tr\/wp-content\/uploads\/2025\/11\/fsmv-sertifika-sorgulama.jpg","contentUrl":"https:\/\/bienbi.com.tr\/wp-content\/uploads\/2025\/11\/fsmv-sertifika-sorgulama.jpg","width":1123,"height":794},{"@type":"BreadcrumbList","@id":"https:\/\/bienbi.com.tr\/#breadcrumb","itemListElement":[{"@type":"ListItem","position":1,"name":"Anasayfa","item":"https:\/\/bienbi.com.tr\/"},{"@type":"ListItem","position":2,"name":"ANASAYFA"}]},{"@type":"WebSite","@id":"https:\/\/bienbi.com.tr\/#website","url":"https:\/\/bienbi.com.tr\/","name":"Bienbi Dan\u0131\u015fmanl\u0131k","description":"S\u0131f\u0131r At\u0131k Ve At\u0131k Y\u00f6netimi","publisher":{"@id":"https:\/\/bienbi.com.tr\/#organization"},"potentialAction":[{"@type":"SearchAction","target":{"@type":"EntryPoint","urlTemplate":"https:\/\/bienbi.com.tr\/?s={search_term_string}"},"query-input":{"@type":"PropertyValueSpecification","valueRequired":true,"valueName":"search_term_string"}}],"inLanguage":"tr"},{"@type":"Organization","@id":"https:\/\/bienbi.com.tr\/#organization","name":"Bienbi Dan\u0131\u015fmanl\u0131k","url":"https:\/\/bienbi.com.tr\/","logo":{"@type":"ImageObject","inLanguage":"tr","@id":"https:\/\/bienbi.com.tr\/#\/schema\/logo\/image\/","url":"https:\/\/bienbi.com.tr\/wp-content\/uploads\/2025\/11\/cropped-bienbi-scaled-1.png","contentUrl":"https:\/\/bienbi.com.tr\/wp-content\/uploads\/2025\/11\/cropped-bienbi-scaled-1.png","width":2560,"height":828,"caption":"Bienbi Dan\u0131\u015fmanl\u0131k"},"image":{"@id":"https:\/\/bienbi.com.tr\/#\/schema\/logo\/image\/"}}]}},"_links":{"self":[{"href":"https:\/\/bienbi.com.tr\/index.php\/wp-json\/wp\/v2\/pages\/2","targetHints":{"allow":["GET"]}}],"collection":[{"href":"https:\/\/bienbi.com.tr\/index.php\/wp-json\/wp\/v2\/pages"}],"about":[{"href":"https:\/\/bienbi.com.tr\/index.php\/wp-json\/wp\/v2\/types\/page"}],"author":[{"embeddable":true,"href":"https:\/\/bienbi.com.tr\/index.php\/wp-json\/wp\/v2\/users\/1"}],"replies":[{"embeddable":true,"href":"https:\/\/bienbi.com.tr\/index.php\/wp-json\/wp\/v2\/comments?post=2"}],"version-history":[{"count":3,"href":"https:\/\/bienbi.com.tr\/index.php\/wp-json\/wp\/v2\/pages\/2\/revisions"}],"predecessor-version":[{"id":70,"href":"https:\/\/bienbi.com.tr\/index.php\/wp-json\/wp\/v2\/pages\/2\/revisions\/70"}],"wp:attachment":[{"href":"https:\/\/bienbi.com.tr\/index.php\/wp-json\/wp\/v2\/media?parent=2"}],"curies":[{"name":"wp","href":"https:\/\/api.w.org\/{rel}","templated":true}]}}